{"id":480,"date":"2022-09-28T14:11:08","date_gmt":"2022-09-28T14:11:08","guid":{"rendered":"https:\/\/merkurs-white-wolves.de\/?page_id=480"},"modified":"2022-09-28T14:12:15","modified_gmt":"2022-09-28T14:12:15","slug":"rassestandard","status":"publish","type":"page","link":"https:\/\/merkurs-white-wolves.de\/?page_id=480","title":{"rendered":"Rassestandard"},"content":{"rendered":"\n<p><\/p>\n\n\n\n<p><\/p>\n\n\n\n<p>Standard FCI-Nr. 347<\/p>\n\n\n\n<p>Berger Blanc Suisse<br>(Wei\u00dfer Schweizer Sch\u00e4ferhund)<\/p>\n\n\n\n<p>* Kurzer geschichtlicher Abriss<br>* Allgemeines Erscheinungsbild<br>* Verhalten und Charakter<br>* Detailbeschreibung<\/p>\n\n\n\n<p>DATUM DER PUBLIKATION DES G\u00dcLTIGEN OFFIZIELLEN STANDARDS:<br>4. 7. 2011.<\/p>\n\n\n\n<p>\u00dcBERSETZUNG: Gesellschaft Weisse Sch\u00e4ferhunde Schweiz, Uwe H.Fischer und Dr. J.-M. Paschoud, erg\u00e4nzt und \u00fcberarbeitet Christina Bailey \/ Offizielle Originalsprache: (FR).<\/p>\n\n\n\n<p>URSPRUNG: Schweiz<\/p>\n\n\n\n<p>VERWENDUNG: Familien- und Begleithund.<\/p>\n\n\n\n<p>KLASSIFIKATION F.C.I.<br>Gruppe 1 H\u00fctehunde und Treibhunde (ausgenommen Schweizer Sennenhunde).<br>Sektion 1 Sch\u00e4ferhunde ohne Arbeitspr\u00fcfung.<\/p>\n\n\n\n<p>Allgemeines Erscheinungsbild<br>Kr\u00e4ftiger, gut bemuskelter, mittelgrosser, stehohriger, stockhaariger oder langstockhaariger weisser Sch\u00e4ferhund von gestrecktem Format, mittelschwerem Knochenbau und eleganten, harmonischen K\u00f6rperumrissen.<br>Wichtige Proportionen<br>M\u00e4\u00dfig langes Rechteckformat. Verh\u00e4ltnis Rumpfl\u00e4nge (von der Bugspitze zum Sitzbeinh\u00f6cker gemessen) zu Widerristh\u00f6he = 12 : 10. Die Distanz vom Stop bis zum Nasenschwamm ist geringf\u00fcgig gr\u00f6sser als die vom Stop bis zum Hinterhaupth\u00f6cker.<\/p>\n\n\n\n<p>Verhalten \/ Charakter (Wesen)<br>Lebhaftes und ausgeglichenes Temperament, bewegungsfreudig, aufmerksam mit guter F\u00fchrigkeit. Von \u00fcberwiegend freundlicher, aber unaufdringlicher Kontaktbereitschaft. Hohe soziale Kompetenz und Bindungsbereitschaft. Niemals \u00e4ngstlich oder inad\u00e4quat aggressiv. Ein freudiger und gelehriger Arbeits- und Sporthund mit Potenzial f\u00fcr vielseitige Ausbildungen. Hohe soziale Kompetenz und Anpassungsf\u00e4higkeit lassen eine ausgezeichnete Integration in das soziale Umfeld zu.<\/p>\n\n\n\n<p>Detailbeschreibung<br>OBERKOPF:<br>Kr\u00e4ftig, trocken und fein modelliert, zum K\u00f6rper passend. Von oben und von der Seite gesehen keilf\u00f6rmig. Die oberen Begrenzungslinien von Sch\u00e4del und Fang sind parallel.<br>Sch\u00e4del: Nur wenig gew\u00f6lbt, angedeutete Mittelfurche.<br>Stop: Geringf\u00fcgig ausgepr\u00e4gt, aber deutlich erkennbar.<\/p>\n\n\n\n<p>GESICHTSSCH\u00c4DEL:<br>Nasenschwamm: Mittelgross; schwarzes Pigment erw\u00fcnscht, Wechselnase und aufgehellter Nasenschwamm zul\u00e4ssig.<br>Fang: Kr\u00e4ftig und im Verh\u00e4ltnis zum Sch\u00e4del m\u00e4ssig lang; Nasenr\u00fccken und untere Fanglinie gerade, zur Nase hin leicht zusammenlaufend.<br>Lefzen: Trocken, gut anliegend, m\u00f6glichst vollst\u00e4ndig schwarz.<br>Kiefer\/Z\u00e4hne: Kr\u00e4ftiges und vollst\u00e4ndiges Scherengebiss, wobei die Z\u00e4hne senkrecht im Kiefer stehen sollen.<br>Augen: Mittelgross, mandelf\u00f6rmig, leicht schr\u00e4g eingesetzt; Farbe braun bis dunkelbraun; Lider gut anliegend; schwarze Lidr\u00e4nder erw\u00fcnscht.<br>Ohren: Hoch angesetzte, gut aufrecht getragene, parallel nach vorn gerichtete grosse Stehohren in Form eines l\u00e4nglichen, oben leicht abgerundeten Dreiecks.<\/p>\n\n\n\n<p>HALS: Mittellang, gut bemuskelt und harmonisch auf den K\u00f6rper aufgesetzt; keine Wammenbildung; die elegant geschwungene Nackenlinie verl\u00e4uft ohne Unterbrechung vom m\u00e4ssig hoch getragenen Kopf bis zum Widerrist.<\/p>\n\n\n\n<p>K\u00d6RPER:<br>Obere Profillinie : Kr\u00e4ftig, muskul\u00f6s, mittellang.<br>Widerrist: Betont.<br>R\u00fccken: Horizontal, fest.<br>Lenden: Stark bemuskelt.<br>Kruppe: Lang und von mittlerer Breite, zum Rutenansatz sanft abfallend.<br>Brust: Nicht zu breit, tief, (ca. halbe Widerristh\u00f6he), bis zu den Ellenbogen reichend; ovaler, weit nach hinten reichender Brustkorb, deutliche Vorbrust.<br>Untere Profillinie und Bauch: Straffe, schlanke Flankenpartie; Bauchlinie leicht aufgezogen.<\/p>\n\n\n\n<p>&nbsp;Langstockhaar FCI Standard<\/p>\n\n\n\n<p>RUTE: Rundum buschig behaarte S\u00e4belrute, die sich zur Spitze hin verj\u00fcngt; eher tief angesetzt, mindestens bis zum Sprunggelenk reichend; in Ruhe h\u00e4ngend oder im unteren Drittel leicht aufgebogen; in der Bewegung h\u00f6her, aber nie \u00fcber der R\u00fcckenlinie getragen.<\/p>\n\n\n\n<p>GLIEDMASSEN:<\/p>\n\n\n\n<p>VORDERHAND:<br>Allgemeines: Kr\u00e4ftig, sehnig, mittelschwer. Von vorne gesehen gerade; nur m\u00e4ssig breiter Stand; von der Seite gesehen gut gewinkelt.<br>Schultern: Langes und gut schr\u00e4g gestelltes Schulterblatt; gute Winkelung; ganze Schulterpartie stark bemuskelt.<br>Oberarm: Von gen\u00fcgender L\u00e4nge, stark bemuskelt.<br>Ellenbogen: Gut anliegend.<br>Unterarm: Lang, gerade, sehnig.<br>Vordermittelfuss: Fest und nur wenig schr\u00e4g gestellt.<br>Vorderpfoten: Oval; Zehen dicht aneinanderliegend und gut gew\u00f6lbt; geste, widerstandsf\u00e4hige, schwarze Ballen; dunkle Krallen erw\u00fcnscht.<\/p>\n\n\n\n<p>HINTERHAND:<br>Allgemeines: Kr\u00e4ftig, sehnig, mittelschwer. Von hinten gesehen gerade und parallel, nicht zu breit stehend; von der Seite gesehen gut gewinkelt.<br>Oberschenkel: Mittellang, mit starker Bemuskelung.<br>Knie: Ausreichend gewinkelt.<br>Unterschenkel: Mittellang, schr\u00e4g, mit festen Knochen und gut bemuskelt.<br>Sprunggelenk: Kr\u00e4ftig, gut gewinkelt.<br>Hintermittelfuss: Mittellang, gerade, sehnig.<br>Hinterpfoten: Oval, etwas l\u00e4nger als Vorderpfoten; Zehen dicht aneinanderliegend und gut gew\u00f6lbt; feste, widerstandsf\u00e4hige, schwarze Ballen; dunkle Krallen erw\u00fcnscht.<\/p>\n\n\n\n<p>GANGWERK: Rhythmischer Bewegungsablauf, gleichm\u00e4ssig z\u00fcgig und ausdauernd; weit ausgreifender Vortritt und kraftvoller Schub; im Trab raumgreifend und leichtf\u00fcssig.<\/p>\n\n\n\n<p>HAUT: Ohne Falten, dunkel pigmentiert.<\/p>\n\n\n\n<p>HAARKLEID:<br>Haar:<br>Mittellanges Haar: Dicht, gut anliegendes Stockhaar; reichliche Unterwolle \u00fcberdeckt von kr\u00e4ftigen, geraden Grannen; Fang, Gesicht, Ohren und Vorderseite der L\u00e4ufe sind k\u00fcrzer behaart; am Nacken und an der R\u00fcckseite der L\u00e4ufe etwas l\u00e4nger. Leicht gewelltes, hartes Haar zul\u00e4ssig.<br>Langes Haar: Dicht, gut anliegendes Stockhaar, reichliche Unterwolle \u00fcberdeckt von kr\u00e4ftigen, geraden Grannen; Fang, Gesicht, Ohren und Vorderseite der L\u00e4ufe sind k\u00fcrzer behaart; am Hals formt das lange Haar eine deutliche M\u00e4hne, an der R\u00fcckseite der L\u00e4ufe einen l\u00e4ngeren Behang und das Haar an der Rute ist buschig. Leicht gewelltes, hartes Haar zul\u00e4ssig.<br>Farbe: Weiss.<\/p>\n\n\n\n<p>GR\u00d6SSE UND GEWICHT:<br>Widerristh\u00f6he:<br>R\u00fcden 58 &#8211; 66 cm<br>H\u00fcndinnen 53 &#8211; 61 cm<br>Gewicht:<br>R\u00fcden ca. 30 \u2013 40 kg<br>H\u00fcndinnen ca. 25 \u2013 35 kg.<br>Typvolle Hunde d\u00fcrfen wegen leichter Unter- oder \u00dcbergr\u00f6sse nicht ausgeschlossen werden.<\/p>\n\n\n\n<p>FEHLER: :<br>Jede Abweichung von den vorgenannten Punkten ist als Fehler anzusehen, dessen Bewertung in genauem Verh\u00e4ltnis zum Grad der Abweichung stehen sollte und dessen Einfluss auf die Gesundheit und das Wohlbefinden des Hundes zu beachten ist, und seine F\u00e4higkeit, die verlangte rassetypische Arbeit zu erbringen.<br>Schwache Wildf\u00e4rbung (schwache gelbliche oder lohfarbene Schattierung) an Ohrenspitzen; R\u00fccken und Oberseite der Rute.<br>Fleckige Pigmentverluste an Nasenschwamm, Lefzen und\/oder Lidr\u00e4ndern.<br>Afterkrallen. Ausser in L\u00e4ndern, in welchen die Entfernung der Afterkrallen gesetzlich verboten ist.<\/p>\n\n\n\n<p>SCHWERE FEHLER:<br>Plumpe Erscheinung, zu kurzes Geb\u00e4ude (quadratisches Format) .<br>Mangelndes Geschlechtsgepr\u00e4ge.<br>Fehlen von mehr als zwei PM1. Die M3 werden nicht ber\u00fccksichtigt.<br>H\u00e4ngeohren, Kippohren, Knickohren.<br>Stark abfallende R\u00fcckenlinie.<br>Ringelrute, Knickrute, Hakenrute, Rute \u00fcber dem R\u00fccken getragen<br>Weiches, seidiges Deckhaar; wollig, lockig, nicht am K\u00f6rper anliegend; ausgesprochenes Langhaar ohne Unterwolle.<br>Deutliche Wildf\u00e4rbung (deutliche, gelbliche oder lohfarbene Verf\u00e4rbung) an Ohrspitzen, R\u00fccken und Oberseite der Rute.<\/p>\n\n\n\n<p>DISQUALIFIZIERENDE FEHLER:<br>Aggressive oder \u00fcberm\u00e4ssig \u00e4ngstliche Hunde.<br>Hunde, die deutlich physische Abnormalit\u00e4ten oder Verhaltensst\u00f6rungen aufweisen m\u00fcssen disqualifiziert werden.<br>\u00c4ngstlichkeit, hochgradige Schreckhaftigkeit, Angstaggressivit\u00e4t, inad\u00e4quate Aggression, lethargisches Verhalten.<br>Ein Auge oder beide Augen blau, hervortretendes Auge.<br>Entropium, Ektropium.<br>Vor- und R\u00fcckbiss, Kreuzbiss.<br>V\u00f6lliger Pigmentverlust an Nasenschwamm, Lefzen und\/oder Lidr\u00e4ndern.<br>V\u00f6lliger Pigmentverlust an Haut und Ballen.<br>Albinismus.<\/p>\n\n\n\n<p>N.B.: R\u00fcden m\u00fcssen zwei offensichtlich normal entwickelte Hoden aufweisen, die sich vollst\u00e4ndig im Hodensack befinden.<\/p>\n","protected":false},"excerpt":{"rendered":"<p>Standard FCI-Nr. 347 Berger Blanc Suisse(Wei\u00dfer Schweizer Sch\u00e4ferhund) * Kurzer geschichtlicher Abriss* Allgemeines Erscheinungsbild* Verhalten und Charakter* Detailbeschreibung DATUM DER&hellip;<\/p>\n","protected":false},"author":1,"featured_media":0,"parent":0,"menu_order":0,"comment_status":"closed","ping_status":"closed","template":"","meta":{"ngg_post_thumbnail":0,"footnotes":""},"class_list":["post-480","page","type-page","status-publish","hentry"],"yoast_head":"<!-- This site is optimized with the Yoast SEO plugin v27.4 - https:\/\/yoast.com\/product\/yoast-seo-wordpress\/ -->\n<title>Rassestandard - Merkur\u2019s White Wolves<\/title>\n<meta name=\"robots\" content=\"index, follow, max-snippet:-1, max-image-preview:large, max-video-preview:-1\" \/>\n<link rel=\"canonical\" href=\"https:\/\/merkurs-white-wolves.de\/?page_id=480\" \/>\n<meta property=\"og:locale\" content=\"de_DE\" \/>\n<meta property=\"og:type\" content=\"article\" \/>\n<meta property=\"og:title\" content=\"Rassestandard - Merkur\u2019s White Wolves\" \/>\n<meta property=\"og:description\" content=\"Standard FCI-Nr. 347 Berger Blanc Suisse(Wei\u00dfer Schweizer Sch\u00e4ferhund) * Kurzer geschichtlicher Abriss* Allgemeines Erscheinungsbild* Verhalten und Charakter* Detailbeschreibung DATUM DER&hellip;\" \/>\n<meta property=\"og:url\" content=\"https:\/\/merkurs-white-wolves.de\/?page_id=480\" \/>\n<meta property=\"og:site_name\" content=\"Merkur\u2019s White Wolves\" \/>\n<meta property=\"article:modified_time\" content=\"2022-09-28T14:12:15+00:00\" \/>\n<meta name=\"twitter:card\" content=\"summary_large_image\" \/>\n<meta name=\"twitter:label1\" content=\"Gesch\u00e4tzte Lesezeit\" \/>\n\t<meta name=\"twitter:data1\" content=\"5\u00a0Minuten\" \/>\n<script type=\"application\/ld+json\" class=\"yoast-schema-graph\">{\"@context\":\"https:\\\/\\\/schema.org\",\"@graph\":[{\"@type\":\"WebPage\",\"@id\":\"https:\\\/\\\/merkurs-white-wolves.de\\\/?page_id=480\",\"url\":\"https:\\\/\\\/merkurs-white-wolves.de\\\/?page_id=480\",\"name\":\"Rassestandard - Merkur\u2019s White Wolves\",\"isPartOf\":{\"@id\":\"https:\\\/\\\/merkurs-white-wolves.de\\\/#website\"},\"datePublished\":\"2022-09-28T14:11:08+00:00\",\"dateModified\":\"2022-09-28T14:12:15+00:00\",\"breadcrumb\":{\"@id\":\"https:\\\/\\\/merkurs-white-wolves.de\\\/?page_id=480#breadcrumb\"},\"inLanguage\":\"de\",\"potentialAction\":[{\"@type\":\"ReadAction\",\"target\":[\"https:\\\/\\\/merkurs-white-wolves.de\\\/?page_id=480\"]}]},{\"@type\":\"BreadcrumbList\",\"@id\":\"https:\\\/\\\/merkurs-white-wolves.de\\\/?page_id=480#breadcrumb\",\"itemListElement\":[{\"@type\":\"ListItem\",\"position\":1,\"name\":\"Startseite\",\"item\":\"https:\\\/\\\/merkurs-white-wolves.de\\\/\"},{\"@type\":\"ListItem\",\"position\":2,\"name\":\"Rassestandard\"}]},{\"@type\":\"WebSite\",\"@id\":\"https:\\\/\\\/merkurs-white-wolves.de\\\/#website\",\"url\":\"https:\\\/\\\/merkurs-white-wolves.de\\\/\",\"name\":\"Merkur\u2019s White Wolves\",\"description\":\"Zuchtst\u00e4tte f\u00fcr Wei\u00dfe Schweizer Sch\u00e4ferhunde\",\"potentialAction\":[{\"@type\":\"SearchAction\",\"target\":{\"@type\":\"EntryPoint\",\"urlTemplate\":\"https:\\\/\\\/merkurs-white-wolves.de\\\/?s={search_term_string}\"},\"query-input\":{\"@type\":\"PropertyValueSpecification\",\"valueRequired\":true,\"valueName\":\"search_term_string\"}}],\"inLanguage\":\"de\"}]}<\/script>\n<!-- \/ Yoast SEO plugin. -->","yoast_head_json":{"title":"Rassestandard - Merkur\u2019s White Wolves","robots":{"index":"index","follow":"follow","max-snippet":"max-snippet:-1","max-image-preview":"max-image-preview:large","max-video-preview":"max-video-preview:-1"},"canonical":"https:\/\/merkurs-white-wolves.de\/?page_id=480","og_locale":"de_DE","og_type":"article","og_title":"Rassestandard - Merkur\u2019s White Wolves","og_description":"Standard FCI-Nr. 347 Berger Blanc Suisse(Wei\u00dfer Schweizer Sch\u00e4ferhund) * Kurzer geschichtlicher Abriss* Allgemeines Erscheinungsbild* Verhalten und Charakter* Detailbeschreibung DATUM DER&hellip;","og_url":"https:\/\/merkurs-white-wolves.de\/?page_id=480","og_site_name":"Merkur\u2019s White Wolves","article_modified_time":"2022-09-28T14:12:15+00:00","twitter_card":"summary_large_image","twitter_misc":{"Gesch\u00e4tzte Lesezeit":"5\u00a0Minuten"},"schema":{"@context":"https:\/\/schema.org","@graph":[{"@type":"WebPage","@id":"https:\/\/merkurs-white-wolves.de\/?page_id=480","url":"https:\/\/merkurs-white-wolves.de\/?page_id=480","name":"Rassestandard - Merkur\u2019s White Wolves","isPartOf":{"@id":"https:\/\/merkurs-white-wolves.de\/#website"},"datePublished":"2022-09-28T14:11:08+00:00","dateModified":"2022-09-28T14:12:15+00:00","breadcrumb":{"@id":"https:\/\/merkurs-white-wolves.de\/?page_id=480#breadcrumb"},"inLanguage":"de","potentialAction":[{"@type":"ReadAction","target":["https:\/\/merkurs-white-wolves.de\/?page_id=480"]}]},{"@type":"BreadcrumbList","@id":"https:\/\/merkurs-white-wolves.de\/?page_id=480#breadcrumb","itemListElement":[{"@type":"ListItem","position":1,"name":"Startseite","item":"https:\/\/merkurs-white-wolves.de\/"},{"@type":"ListItem","position":2,"name":"Rassestandard"}]},{"@type":"WebSite","@id":"https:\/\/merkurs-white-wolves.de\/#website","url":"https:\/\/merkurs-white-wolves.de\/","name":"Merkur\u2019s White Wolves","description":"Zuchtst\u00e4tte f\u00fcr Wei\u00dfe Schweizer Sch\u00e4ferhunde","potentialAction":[{"@type":"SearchAction","target":{"@type":"EntryPoint","urlTemplate":"https:\/\/merkurs-white-wolves.de\/?s={search_term_string}"},"query-input":{"@type":"PropertyValueSpecification","valueRequired":true,"valueName":"search_term_string"}}],"inLanguage":"de"}]}},"_links":{"self":[{"href":"https:\/\/merkurs-white-wolves.de\/index.php?rest_route=\/wp\/v2\/pages\/480","targetHints":{"allow":["GET"]}}],"collection":[{"href":"https:\/\/merkurs-white-wolves.de\/index.php?rest_route=\/wp\/v2\/pages"}],"about":[{"href":"https:\/\/merkurs-white-wolves.de\/index.php?rest_route=\/wp\/v2\/types\/page"}],"author":[{"embeddable":true,"href":"https:\/\/merkurs-white-wolves.de\/index.php?rest_route=\/wp\/v2\/users\/1"}],"replies":[{"embeddable":true,"href":"https:\/\/merkurs-white-wolves.de\/index.php?rest_route=%2Fwp%2Fv2%2Fcomments&post=480"}],"version-history":[{"count":2,"href":"https:\/\/merkurs-white-wolves.de\/index.php?rest_route=\/wp\/v2\/pages\/480\/revisions"}],"predecessor-version":[{"id":483,"href":"https:\/\/merkurs-white-wolves.de\/index.php?rest_route=\/wp\/v2\/pages\/480\/revisions\/483"}],"wp:attachment":[{"href":"https:\/\/merkurs-white-wolves.de\/index.php?rest_route=%2Fwp%2Fv2%2Fmedia&parent=480"}],"curies":[{"name":"wp","href":"https:\/\/api.w.org\/{rel}","templated":true}]}}