{"id":497,"date":"2022-09-28T14:22:38","date_gmt":"2022-09-28T14:22:38","guid":{"rendered":"https:\/\/merkurs-white-wolves.de\/?page_id=497"},"modified":"2023-07-26T09:59:24","modified_gmt":"2023-07-26T09:59:24","slug":"2022-2","status":"publish","type":"page","link":"https:\/\/merkurs-white-wolves.de\/?page_id=497","title":{"rendered":"2022"},"content":{"rendered":"<style>.wp-block-kadence-spacer.kt-block-spacer-_964b8f-4a .kt-block-spacer{height:60px;}.wp-block-kadence-spacer.kt-block-spacer-_964b8f-4a .kt-divider{border-top-width:1px;height:1px;border-top-color:#eee;width:80%;border-top-style:solid;}<\/style>\n<div class=\"wp-block-kadence-spacer aligncenter kt-block-spacer-_964b8f-4a\"><div class=\"kt-block-spacer kt-block-spacer-halign-center\"><hr class=\"kt-divider\"\/><\/div><\/div>\n\n\n\n<p class=\"has-blush-light-purple-gradient-background has-background has-medium-font-size\"><strong>ISTRA Slovenian Summer Dog Show 04.-06.08.2022<\/strong><\/p>\n\n\n\n<p><strong>Benito-Ben vom S\u00e4chsischen Elbland<\/strong><\/p>\n\n\n\n<p>Offene Klasse<\/p>\n\n\n\n<p>CACIB Portoroz V1 CAC, Best Male, BOS, CACIB<\/p>\n\n\n\n<p>CACIB Izola V1 CAC, Best Male, BOS, CACIB<\/p>\n\n\n\n<p>CACIB Koper V1 CAC, Best Male, BOS, CACIB<\/p>\n\n\n\n<p>und somit erhielt er den <mark style=\"background-color:#ff6663\" class=\"has-inline-color has-primary-color\"><strong>Slowenischen Champion und den Titel ISTRA Winner<\/strong><\/mark><\/p>\n\n\n\n<figure class=\"wp-block-image size-large is-resized\"><img loading=\"lazy\" decoding=\"async\" src=\"https:\/\/merkurs-white-wolves.de\/wp-content\/uploads\/2022\/09\/297209286_1356985424825956_3245593995856828049_n-1024x980.jpg\" alt=\"\" class=\"wp-image-549\" width=\"442\" height=\"422\" srcset=\"https:\/\/merkurs-white-wolves.de\/wp-content\/uploads\/2022\/09\/297209286_1356985424825956_3245593995856828049_n-1024x980.jpg 1024w, https:\/\/merkurs-white-wolves.de\/wp-content\/uploads\/2022\/09\/297209286_1356985424825956_3245593995856828049_n-300x287.jpg 300w, https:\/\/merkurs-white-wolves.de\/wp-content\/uploads\/2022\/09\/297209286_1356985424825956_3245593995856828049_n-768x735.jpg 768w, https:\/\/merkurs-white-wolves.de\/wp-content\/uploads\/2022\/09\/297209286_1356985424825956_3245593995856828049_n.jpg 1170w\" sizes=\"auto, (max-width: 442px) 100vw, 442px\" \/><\/figure>\n\n\n<style>.wp-block-kadence-spacer.kt-block-spacer-_4de1f4-ec .kt-block-spacer{height:30px;}.wp-block-kadence-spacer.kt-block-spacer-_4de1f4-ec .kt-divider{border-top-width:1px;height:1px;border-top-color:#eee;width:80%;border-top-style:solid;}<\/style>\n<div class=\"wp-block-kadence-spacer aligncenter kt-block-spacer-_4de1f4-ec\"><div class=\"kt-block-spacer kt-block-spacer-halign-center\"><hr class=\"kt-divider\"\/><\/div><\/div>\n\n\n\n<p class=\"has-blush-light-purple-gradient-background has-background has-medium-font-size\"><strong>1. Pfalz-Cup 16.07.2022 Landstuhl<\/strong><\/p>\n\n\n\n<p><strong>Dream of<\/strong> <strong>Nanook<\/strong> <\/p>\n\n\n\n<p>Championklasse V1<\/p>\n\n\n\n<figure class=\"wp-block-image size-large is-resized\"><img loading=\"lazy\" decoding=\"async\" src=\"https:\/\/merkurs-white-wolves.de\/wp-content\/uploads\/2022\/09\/294327121_611898803686486_39384008736166417_n-edited.jpg\" alt=\"\" class=\"wp-image-551\" width=\"411\" height=\"411\" srcset=\"https:\/\/merkurs-white-wolves.de\/wp-content\/uploads\/2022\/09\/294327121_611898803686486_39384008736166417_n-edited.jpg 1366w, https:\/\/merkurs-white-wolves.de\/wp-content\/uploads\/2022\/09\/294327121_611898803686486_39384008736166417_n-edited-300x300.jpg 300w, https:\/\/merkurs-white-wolves.de\/wp-content\/uploads\/2022\/09\/294327121_611898803686486_39384008736166417_n-edited-1024x1024.jpg 1024w, https:\/\/merkurs-white-wolves.de\/wp-content\/uploads\/2022\/09\/294327121_611898803686486_39384008736166417_n-edited-150x150.jpg 150w, https:\/\/merkurs-white-wolves.de\/wp-content\/uploads\/2022\/09\/294327121_611898803686486_39384008736166417_n-edited-768x768.jpg 768w\" sizes=\"auto, (max-width: 411px) 100vw, 411px\" \/><\/figure>\n\n\n\n<p><strong>Joyful Joyce von King&#8217;s Silbertal<\/strong><\/p>\n\n\n\n<p>Zwischenklasse SG1<\/p>\n\n\n\n<figure class=\"wp-block-image size-large is-resized\"><img loading=\"lazy\" decoding=\"async\" src=\"https:\/\/merkurs-white-wolves.de\/wp-content\/uploads\/2022\/09\/294103324_611898930353140_4965630381158188524_n-edited.jpg\" alt=\"\" class=\"wp-image-553\" width=\"440\" height=\"440\" srcset=\"https:\/\/merkurs-white-wolves.de\/wp-content\/uploads\/2022\/09\/294103324_611898930353140_4965630381158188524_n-edited.jpg 1366w, https:\/\/merkurs-white-wolves.de\/wp-content\/uploads\/2022\/09\/294103324_611898930353140_4965630381158188524_n-edited-300x300.jpg 300w, https:\/\/merkurs-white-wolves.de\/wp-content\/uploads\/2022\/09\/294103324_611898930353140_4965630381158188524_n-edited-1024x1024.jpg 1024w, https:\/\/merkurs-white-wolves.de\/wp-content\/uploads\/2022\/09\/294103324_611898930353140_4965630381158188524_n-edited-150x150.jpg 150w, https:\/\/merkurs-white-wolves.de\/wp-content\/uploads\/2022\/09\/294103324_611898930353140_4965630381158188524_n-edited-768x768.jpg 768w\" sizes=\"auto, (max-width: 440px) 100vw, 440px\" \/><\/figure>\n\n\n\n<p><strong>Paarklasse Nanook und Joyce &#8211; Beste Paarklasse<\/strong><\/p>\n\n\n\n<figure class=\"wp-block-image size-full is-resized\"><img loading=\"lazy\" decoding=\"async\" src=\"https:\/\/merkurs-white-wolves.de\/wp-content\/uploads\/2022\/09\/294913927_5583241695039658_4044923418906485609_n-edited.jpg\" alt=\"\" class=\"wp-image-555\" width=\"448\" height=\"448\" srcset=\"https:\/\/merkurs-white-wolves.de\/wp-content\/uploads\/2022\/09\/294913927_5583241695039658_4044923418906485609_n-edited.jpg 540w, https:\/\/merkurs-white-wolves.de\/wp-content\/uploads\/2022\/09\/294913927_5583241695039658_4044923418906485609_n-edited-300x300.jpg 300w, https:\/\/merkurs-white-wolves.de\/wp-content\/uploads\/2022\/09\/294913927_5583241695039658_4044923418906485609_n-edited-150x150.jpg 150w\" sizes=\"auto, (max-width: 448px) 100vw, 448px\" \/><\/figure>\n\n\n\n<p><strong>Missy Mara White Revelation<\/strong><\/p>\n\n\n\n<p>Championklasse V2<\/p>\n\n\n\n<figure class=\"wp-block-image size-large is-resized\"><img loading=\"lazy\" decoding=\"async\" src=\"https:\/\/merkurs-white-wolves.de\/wp-content\/uploads\/2022\/09\/294403286_611898717019828_6010129211998474042_n-edited-1.jpg\" alt=\"\" class=\"wp-image-559\" width=\"516\" height=\"323\" srcset=\"https:\/\/merkurs-white-wolves.de\/wp-content\/uploads\/2022\/09\/294403286_611898717019828_6010129211998474042_n-edited-1.jpg 1366w, https:\/\/merkurs-white-wolves.de\/wp-content\/uploads\/2022\/09\/294403286_611898717019828_6010129211998474042_n-edited-1-300x188.jpg 300w, https:\/\/merkurs-white-wolves.de\/wp-content\/uploads\/2022\/09\/294403286_611898717019828_6010129211998474042_n-edited-1-1024x640.jpg 1024w, https:\/\/merkurs-white-wolves.de\/wp-content\/uploads\/2022\/09\/294403286_611898717019828_6010129211998474042_n-edited-1-768x480.jpg 768w\" sizes=\"auto, (max-width: 516px) 100vw, 516px\" \/><\/figure>\n\n\n\n<hr class=\"wp-block-separator has-alpha-channel-opacity\"\/>\n\n\n\n<p class=\"has-blush-light-purple-gradient-background has-background has-medium-font-size\"><strong>40 Jahre BVWS Alsfeld 11.06.22<\/strong><\/p>\n\n\n\n<p><strong>Dream of Nanook<\/strong><\/p>\n\n\n\n<p>Championklasse SG3<\/p>\n\n\n\n<p><strong>Benito-Ben vom S\u00e4chsischen Elbland<\/strong><\/p>\n\n\n\n<p>Offene Klasse V<\/p>\n\n\n\n<p><strong>Missy Mara White Revelation<\/strong><\/p>\n\n\n\n<p>Championklasse SG2<\/p>\n\n\n<style>.wp-block-kadence-spacer.kt-block-spacer-_d0661a-cb .kt-block-spacer{height:30px;}.wp-block-kadence-spacer.kt-block-spacer-_d0661a-cb .kt-divider{border-top-width:1px;height:1px;border-top-color:#eee;width:80%;border-top-style:solid;}<\/style>\n<div class=\"wp-block-kadence-spacer aligncenter kt-block-spacer-_d0661a-cb\"><div class=\"kt-block-spacer kt-block-spacer-halign-center\"><hr class=\"kt-divider\"\/><\/div><\/div>\n\n\n\n<p class=\"has-blush-light-purple-gradient-background has-background has-medium-font-size\"><strong>CACIB Umag (Kroatien) 04.06.22<\/strong><\/p>\n\n\n\n<p><strong>Dream of Nanook<\/strong><\/p>\n\n\n\n<p>Championklasse V2<\/p>\n\n\n<style>.wp-block-kadence-spacer.kt-block-spacer-_965aaa-30 .kt-block-spacer{height:30px;}.wp-block-kadence-spacer.kt-block-spacer-_965aaa-30 .kt-divider{border-top-width:1px;height:1px;border-top-color:#eee;width:80%;border-top-style:solid;}<\/style>\n<div class=\"wp-block-kadence-spacer aligncenter kt-block-spacer-_965aaa-30\"><div class=\"kt-block-spacer kt-block-spacer-halign-center\"><hr class=\"kt-divider\"\/><\/div><\/div>\n\n\n\n<p class=\"has-blush-light-purple-gradient-background has-background has-medium-font-size\"><strong>BVWS Bayernsieger Schweitenkirchen 22.05.22<\/strong><\/p>\n\n\n\n<p><strong>Dream of Nanook<\/strong><\/p>\n\n\n\n<p>Championklasse V1<\/p>\n\n\n\n<p>letzte Anwartschaft BVWS Clubchampion<\/p>\n\n\n\n<figure class=\"wp-block-image size-full is-resized\"><img loading=\"lazy\" decoding=\"async\" src=\"https:\/\/merkurs-white-wolves.de\/wp-content\/uploads\/2022\/09\/5D08A21E-E0AE-4ABB-9AD8-025C5D7B8A5B-683x1024-1.jpeg\" alt=\"\" class=\"wp-image-560\" width=\"326\" height=\"488\" srcset=\"https:\/\/merkurs-white-wolves.de\/wp-content\/uploads\/2022\/09\/5D08A21E-E0AE-4ABB-9AD8-025C5D7B8A5B-683x1024-1.jpeg 683w, https:\/\/merkurs-white-wolves.de\/wp-content\/uploads\/2022\/09\/5D08A21E-E0AE-4ABB-9AD8-025C5D7B8A5B-683x1024-1-200x300.jpeg 200w\" sizes=\"auto, (max-width: 326px) 100vw, 326px\" \/><\/figure>\n\n\n\n<p><strong>Benito-Ben vom S\u00e4chsischen Elbland<\/strong><\/p>\n\n\n\n<p>Offene Klasse V<\/p>\n\n\n\n<p>und Zuchtzulassung auf Lebenszeit bestanden mit 98,5 Punkten<\/p>\n\n\n\n<figure class=\"wp-block-image size-full is-resized\"><img loading=\"lazy\" decoding=\"async\" src=\"https:\/\/merkurs-white-wolves.de\/wp-content\/uploads\/2022\/09\/BBA974B1-7059-4C85-9E7C-F270D93FC6ED-1024x683-1.jpeg\" alt=\"\" class=\"wp-image-561\" width=\"475\" height=\"316\" srcset=\"https:\/\/merkurs-white-wolves.de\/wp-content\/uploads\/2022\/09\/BBA974B1-7059-4C85-9E7C-F270D93FC6ED-1024x683-1.jpeg 1024w, https:\/\/merkurs-white-wolves.de\/wp-content\/uploads\/2022\/09\/BBA974B1-7059-4C85-9E7C-F270D93FC6ED-1024x683-1-300x200.jpeg 300w, https:\/\/merkurs-white-wolves.de\/wp-content\/uploads\/2022\/09\/BBA974B1-7059-4C85-9E7C-F270D93FC6ED-1024x683-1-768x512.jpeg 768w\" sizes=\"auto, (max-width: 475px) 100vw, 475px\" \/><\/figure>\n","protected":false},"excerpt":{"rendered":"<p>ISTRA Slovenian Summer Dog Show 04.-06.08.2022 Benito-Ben vom S\u00e4chsischen Elbland Offene Klasse CACIB Portoroz V1 CAC, Best Male, BOS, CACIB&hellip;<\/p>\n","protected":false},"author":1,"featured_media":0,"parent":0,"menu_order":0,"comment_status":"closed","ping_status":"closed","template":"","meta":{"ngg_post_thumbnail":0,"footnotes":""},"class_list":["post-497","page","type-page","status-publish","hentry"],"yoast_head":"<!-- This site is optimized with the Yoast SEO plugin v27.4 - https:\/\/yoast.com\/product\/yoast-seo-wordpress\/ -->\n<title>2022 - Merkur\u2019s White Wolves<\/title>\n<meta name=\"robots\" content=\"index, follow, max-snippet:-1, max-image-preview:large, max-video-preview:-1\" \/>\n<link rel=\"canonical\" href=\"https:\/\/merkurs-white-wolves.de\/?page_id=497\" \/>\n<meta property=\"og:locale\" content=\"de_DE\" \/>\n<meta property=\"og:type\" content=\"article\" \/>\n<meta property=\"og:title\" content=\"2022 - Merkur\u2019s White Wolves\" \/>\n<meta property=\"og:description\" content=\"ISTRA Slovenian Summer Dog Show 04.-06.08.2022 Benito-Ben vom S\u00e4chsischen Elbland Offene Klasse CACIB Portoroz V1 CAC, Best Male, BOS, CACIB&hellip;\" \/>\n<meta property=\"og:url\" content=\"https:\/\/merkurs-white-wolves.de\/?page_id=497\" \/>\n<meta property=\"og:site_name\" content=\"Merkur\u2019s White Wolves\" \/>\n<meta property=\"article:modified_time\" content=\"2023-07-26T09:59:24+00:00\" \/>\n<meta property=\"og:image\" content=\"https:\/\/merkurs-white-wolves.de\/wp-content\/uploads\/2022\/09\/297209286_1356985424825956_3245593995856828049_n-1024x980.jpg\" \/>\n<meta name=\"twitter:card\" content=\"summary_large_image\" \/>\n<meta name=\"twitter:label1\" content=\"Gesch\u00e4tzte Lesezeit\" \/>\n\t<meta name=\"twitter:data1\" content=\"1\u00a0Minute\" \/>\n<script type=\"application\/ld+json\" class=\"yoast-schema-graph\">{\"@context\":\"https:\\\/\\\/schema.org\",\"@graph\":[{\"@type\":\"WebPage\",\"@id\":\"https:\\\/\\\/merkurs-white-wolves.de\\\/?page_id=497\",\"url\":\"https:\\\/\\\/merkurs-white-wolves.de\\\/?page_id=497\",\"name\":\"2022 - Merkur\u2019s White Wolves\",\"isPartOf\":{\"@id\":\"https:\\\/\\\/merkurs-white-wolves.de\\\/#website\"},\"primaryImageOfPage\":{\"@id\":\"https:\\\/\\\/merkurs-white-wolves.de\\\/?page_id=497#primaryimage\"},\"image\":{\"@id\":\"https:\\\/\\\/merkurs-white-wolves.de\\\/?page_id=497#primaryimage\"},\"thumbnailUrl\":\"https:\\\/\\\/merkurs-white-wolves.de\\\/wp-content\\\/uploads\\\/2022\\\/09\\\/297209286_1356985424825956_3245593995856828049_n-1024x980.jpg\",\"datePublished\":\"2022-09-28T14:22:38+00:00\",\"dateModified\":\"2023-07-26T09:59:24+00:00\",\"breadcrumb\":{\"@id\":\"https:\\\/\\\/merkurs-white-wolves.de\\\/?page_id=497#breadcrumb\"},\"inLanguage\":\"de\",\"potentialAction\":[{\"@type\":\"ReadAction\",\"target\":[\"https:\\\/\\\/merkurs-white-wolves.de\\\/?page_id=497\"]}]},{\"@type\":\"ImageObject\",\"inLanguage\":\"de\",\"@id\":\"https:\\\/\\\/merkurs-white-wolves.de\\\/?page_id=497#primaryimage\",\"url\":\"https:\\\/\\\/merkurs-white-wolves.de\\\/wp-content\\\/uploads\\\/2022\\\/09\\\/297209286_1356985424825956_3245593995856828049_n.jpg\",\"contentUrl\":\"https:\\\/\\\/merkurs-white-wolves.de\\\/wp-content\\\/uploads\\\/2022\\\/09\\\/297209286_1356985424825956_3245593995856828049_n.jpg\",\"width\":1170,\"height\":1120},{\"@type\":\"BreadcrumbList\",\"@id\":\"https:\\\/\\\/merkurs-white-wolves.de\\\/?page_id=497#breadcrumb\",\"itemListElement\":[{\"@type\":\"ListItem\",\"position\":1,\"name\":\"Startseite\",\"item\":\"https:\\\/\\\/merkurs-white-wolves.de\\\/\"},{\"@type\":\"ListItem\",\"position\":2,\"name\":\"2022\"}]},{\"@type\":\"WebSite\",\"@id\":\"https:\\\/\\\/merkurs-white-wolves.de\\\/#website\",\"url\":\"https:\\\/\\\/merkurs-white-wolves.de\\\/\",\"name\":\"Merkur\u2019s White Wolves\",\"description\":\"Zuchtst\u00e4tte f\u00fcr Wei\u00dfe Schweizer Sch\u00e4ferhunde\",\"potentialAction\":[{\"@type\":\"SearchAction\",\"target\":{\"@type\":\"EntryPoint\",\"urlTemplate\":\"https:\\\/\\\/merkurs-white-wolves.de\\\/?s={search_term_string}\"},\"query-input\":{\"@type\":\"PropertyValueSpecification\",\"valueRequired\":true,\"valueName\":\"search_term_string\"}}],\"inLanguage\":\"de\"}]}<\/script>\n<!-- \/ Yoast SEO plugin. -->","yoast_head_json":{"title":"2022 - Merkur\u2019s White Wolves","robots":{"index":"index","follow":"follow","max-snippet":"max-snippet:-1","max-image-preview":"max-image-preview:large","max-video-preview":"max-video-preview:-1"},"canonical":"https:\/\/merkurs-white-wolves.de\/?page_id=497","og_locale":"de_DE","og_type":"article","og_title":"2022 - Merkur\u2019s White Wolves","og_description":"ISTRA Slovenian Summer Dog Show 04.-06.08.2022 Benito-Ben vom S\u00e4chsischen Elbland Offene Klasse CACIB Portoroz V1 CAC, Best Male, BOS, CACIB&hellip;","og_url":"https:\/\/merkurs-white-wolves.de\/?page_id=497","og_site_name":"Merkur\u2019s White Wolves","article_modified_time":"2023-07-26T09:59:24+00:00","og_image":[{"url":"https:\/\/merkurs-white-wolves.de\/wp-content\/uploads\/2022\/09\/297209286_1356985424825956_3245593995856828049_n-1024x980.jpg","type":"","width":"","height":""}],"twitter_card":"summary_large_image","twitter_misc":{"Gesch\u00e4tzte Lesezeit":"1\u00a0Minute"},"schema":{"@context":"https:\/\/schema.org","@graph":[{"@type":"WebPage","@id":"https:\/\/merkurs-white-wolves.de\/?page_id=497","url":"https:\/\/merkurs-white-wolves.de\/?page_id=497","name":"2022 - Merkur\u2019s White Wolves","isPartOf":{"@id":"https:\/\/merkurs-white-wolves.de\/#website"},"primaryImageOfPage":{"@id":"https:\/\/merkurs-white-wolves.de\/?page_id=497#primaryimage"},"image":{"@id":"https:\/\/merkurs-white-wolves.de\/?page_id=497#primaryimage"},"thumbnailUrl":"https:\/\/merkurs-white-wolves.de\/wp-content\/uploads\/2022\/09\/297209286_1356985424825956_3245593995856828049_n-1024x980.jpg","datePublished":"2022-09-28T14:22:38+00:00","dateModified":"2023-07-26T09:59:24+00:00","breadcrumb":{"@id":"https:\/\/merkurs-white-wolves.de\/?page_id=497#breadcrumb"},"inLanguage":"de","potentialAction":[{"@type":"ReadAction","target":["https:\/\/merkurs-white-wolves.de\/?page_id=497"]}]},{"@type":"ImageObject","inLanguage":"de","@id":"https:\/\/merkurs-white-wolves.de\/?page_id=497#primaryimage","url":"https:\/\/merkurs-white-wolves.de\/wp-content\/uploads\/2022\/09\/297209286_1356985424825956_3245593995856828049_n.jpg","contentUrl":"https:\/\/merkurs-white-wolves.de\/wp-content\/uploads\/2022\/09\/297209286_1356985424825956_3245593995856828049_n.jpg","width":1170,"height":1120},{"@type":"BreadcrumbList","@id":"https:\/\/merkurs-white-wolves.de\/?page_id=497#breadcrumb","itemListElement":[{"@type":"ListItem","position":1,"name":"Startseite","item":"https:\/\/merkurs-white-wolves.de\/"},{"@type":"ListItem","position":2,"name":"2022"}]},{"@type":"WebSite","@id":"https:\/\/merkurs-white-wolves.de\/#website","url":"https:\/\/merkurs-white-wolves.de\/","name":"Merkur\u2019s White Wolves","description":"Zuchtst\u00e4tte f\u00fcr Wei\u00dfe Schweizer Sch\u00e4ferhunde","potentialAction":[{"@type":"SearchAction","target":{"@type":"EntryPoint","urlTemplate":"https:\/\/merkurs-white-wolves.de\/?s={search_term_string}"},"query-input":{"@type":"PropertyValueSpecification","valueRequired":true,"valueName":"search_term_string"}}],"inLanguage":"de"}]}},"_links":{"self":[{"href":"https:\/\/merkurs-white-wolves.de\/index.php?rest_route=\/wp\/v2\/pages\/497","targetHints":{"allow":["GET"]}}],"collection":[{"href":"https:\/\/merkurs-white-wolves.de\/index.php?rest_route=\/wp\/v2\/pages"}],"about":[{"href":"https:\/\/merkurs-white-wolves.de\/index.php?rest_route=\/wp\/v2\/types\/page"}],"author":[{"embeddable":true,"href":"https:\/\/merkurs-white-wolves.de\/index.php?rest_route=\/wp\/v2\/users\/1"}],"replies":[{"embeddable":true,"href":"https:\/\/merkurs-white-wolves.de\/index.php?rest_route=%2Fwp%2Fv2%2Fcomments&post=497"}],"version-history":[{"count":6,"href":"https:\/\/merkurs-white-wolves.de\/index.php?rest_route=\/wp\/v2\/pages\/497\/revisions"}],"predecessor-version":[{"id":732,"href":"https:\/\/merkurs-white-wolves.de\/index.php?rest_route=\/wp\/v2\/pages\/497\/revisions\/732"}],"wp:attachment":[{"href":"https:\/\/merkurs-white-wolves.de\/index.php?rest_route=%2Fwp%2Fv2%2Fmedia&parent=497"}],"curies":[{"name":"wp","href":"https:\/\/api.w.org\/{rel}","templated":true}]}}